st common divisor of o and z?
15
Suppose o + 483 = 4*k, 2*k - 4*o - o = 255. What is the greatest common factor of 24 and k?
24
Let q be (80 + 0)*(-3)/(-6). Calculate the highest common divisor of 16 and q.
8
Suppose 0 = 7*l + 18 - 53. Calculate the highest common divisor of l and 1.
1
Suppose -3*r - 15 = 0, 6*r + 281 = 4*m + r. Suppose 3 = 2*h - x - 23, 0 = -4*h + 5*x + m. What is the highest common factor of 11 and h?
11
Let o = -19 + 27. Suppose z = -3*z + s - 156, 0 = 2*z - 3*s + 68. Let v be z*(1 - 6/4). What is the highest common divisor of v and o?
4
Suppose -4*m + 4*x + 462 = -262, 3*m - 535 = -5*x. What is the highest common divisor of m and 45?
45
Suppose -n - 3 = -1. Let h be -2 + n/(2/1). Let f be (-23*6)/h - -2. What is the highest common divisor of 12 and f?
12
Suppose 2*l = 5*l - 3. Let y be 3 - (l - (2 + -1)). Suppose o = 12 - y. Calculate the greatest common divisor of 3 and o.
3
Let l = -20 + 34. Calculate the greatest common factor of 112 and l.
14
Let j be (-57)/6 + (-2)/(-4). Let c be (-159)/j - 3/(-9). What is the greatest common divisor of c and 45?
9
Let s(n) = 4*n + 3. Let f be s(5). What is the greatest common factor of f and 115?
23
Let t(m) = -4*m**2 + 5*m - 3. Let c be t(3). Let k be (c/20)/((-9)/240). Let z(x) = -x + 8. Let v be z(-8). Calculate the greatest common factor of v and k.
16
Let l(f) = f - 5. Let v be l(-7). Let j be (-3)/2*-2 - v. Calculate the highest common factor of 15 and j.
15
Let i be (22/(-8))/(-1)*44. Let s = 3 - 1. Suppose -s*k + 8 + 14 = 0. Calculate the highest common divisor of k and i.
11
Let m be (-1)/(22/84 - 10/35). Let h = 5 - 0. Suppose -h*c - 18 + 123 = 0. Calculate the highest common factor of m and c.
21
Suppose -2*v + 12 = 2*v. Suppose 0 = q + 2*j, 4*q + 2*j = -j + 20. Let r = 4 + q. What is the greatest common divisor of v and r?
3
Suppose 5*g - 2*a - 20 = 0, -3*g = g - 5*a + 1. Suppose -3*j - 10 = -j. Let r(q) = -14*q - 4. Let n be r(j). What is the highest common factor of g and n?
6
Let m = 24 - 15. Let b = 73 - 67. What is the highest common factor of b and m?
3
Let t(p) = -47*p - 27. Let w(f) = -23*f - 13. Let i(c) = -6*t(c) + 13*w(c). Let n be i(-6). What is the greatest common factor of 19 and n?
19
Let d = -24 - -36. Suppose -202 + 962 = 4*h. Let u = h - 82. What is the highest common factor of d and u?
12
Let t be -1 + 6 + 1 - -2. Suppose 48 = -h + 4*h. What is the highest common factor of h and t?
8
Suppose -4*m - 2 + 14 = 0. Suppose 0 = -2*f - 4*k + 4, -m*f + k + 2*k = 3. Let s be 1/((-1 - f) + 2). Calculate the highest common divisor of s and 3.
1
Let s = 41 + -22. What is the greatest common divisor of 19 and s?
19
Suppose r + 3*g - 5*g = 15, 32 = 2*r - 2*g. Suppose -w = v - 73, 0 = 5*w - 23 - 2. Calculate the greatest common factor of v and r.
17
Let u be 2/(2 + (-9)/6). What is the greatest common divisor of u and 12?
4
Let d(u) = u**2 - 7*u - 12. Let p be d(9). Suppose p*g - 10 = g. Suppose -g = -2*v - 10, m - 72 = 4*v. Calculate the highest common divisor of m and 7.
7
Let f be (4 + -1)/(18/24). Calculate the highest common divisor of f and 20.
4
Let u = -9 + 14. Let p = 86 + -46. Calculate the greatest common factor of p and u.
5
Suppose -2*g + 3*c + 76 = -g, -4*c = 8. Suppose 0 = h - 36 + 6. Let m be ((-4)/12)/((-1)/h). What is the highest common divisor of m and g?
10
Let j be (182/5 + -2)*5. Suppose 5*u - 233 = j. What is the greatest common divisor of 9 and u?
9
Let n(s) = s**3 + 6*s**2 - 9*s - 4. Let o be n(-7). Let z be (-125)/(-2)*(-4)/(-5). Calculate the greatest common factor of z and o.
10
Let r(o) = -15*o**2 - 12*o - 7. Let l(f) = -5*f**2 - 4*f - 2. Let q(n) = 11*l(n) - 4*r(n). Let j be q(-4). Calculate the highest common factor of 14 and j.
14
Suppose 9*s - 707 - 22 = 0. Calculate the greatest common divisor of 54 and s.
27
Let t be 2/3 + 118/3. Let c be 114/14 - 1/7. Suppose 4*u = t + c. What is the highest common factor of u and 4?
4
Suppose 0 = 2*y - y - 11. Suppose -x - x = 2*k, x - 12 = 5*k. Suppose x*a - 88 = -0*a. Calculate the highest common factor of y and a.
11
Suppose -r + 15 = 2*r - 5*j, r + 3*j = 5. What is the greatest common divisor of 1 and r?
1
Let k(v) = -v**3 - 8*v**2 + 9. Let x be k(-8). Calculate the highest common factor of 9 and x.
9
Let l(v) = -v**3 + 9*v**2 + 4. Let k be l(9). Suppose -3*d - 4*u = -7*d + 64, k*d + 3*u = 29. Let m = 79 + -2. What is the highest common factor of m and d?
11
Suppose 5*f - 28 = 3*y - 5*y, 0 = -2*y - f + 28. Let a = -37 - -79. What is the greatest common divisor of a and y?
14
Suppose 22 = 4*z + 6. Let s = 2 - -2. Calculate the highest common factor of z and s.
4
Suppose 5 - 25 = -j. Let k = j + 36. Calculate the greatest common divisor of k and 8.
8
Suppose -n + 5*n - 8 = 0. Suppose -3*z = 4*l - 67, 0 = -l + n*l + 2. Let p = 88 - z. What is the greatest common factor of p and 7?
7
Suppose 0 = 8*v + 9 - 89. What is the greatest common factor of v and 10?
10
Suppose -4*z = -3*z - 4. What is the highest common divisor of z and 16?
4
Suppose 2*q + 0*q - 38 = 0. Suppose 0 = -s + q + 3. Suppose -3*g + 4*g - 55 = 0. What is the highest common divisor of g and s?
11
Let h(s) = 3*s**2 - 1. Let j be h(3). Let g = -16 + j. What is the highest common factor of g and 10?
10
Let v = -18 - -31. Calculate the highest common factor of v and 13.
13
Let y = 4 - 11. Let j(k) = k**3 + 9*k**2 - 6*k - 8. Let b be j(y). Calculate the highest common factor of b and 22.
22
Suppose 0 = -3*l - 15 + 66. Calculate the highest common factor of 187 and l.
17
Let h(s) = -s + 10. Let y be h(8). Suppose 2*c = -y*c + 84. What is the highest common factor of 3 and c?
3
Let g(n) = n**2 + 2*n + 4. Let v be g(-5). Calculate the greatest common divisor of v and 209.
19
Suppose -9*d = -14*d + 125. Calculate the greatest common divisor of 150 and d.
25
Let g be 1872/10 - (-1)/(-5). What is the highest common divisor of g and 17?
17
Let i = -10 - 28. Let k be i/(-10) - 1/(-5). Let l = -18 + 42. What is the highest common divisor of l and k?
4
Suppose -168 = 2*f - 5*f. What is the highest common divisor of 14 and f?
14
Suppose -3*a + 8*a - 20 = 0, -4*a + 130 = o. Suppose -115 = -5*s + 5*t, 3*s = 5*t - 43 + o. Calculate the highest common divisor of s and 11.
11
Let n(a) = -10*a - 47. Let y be n(-8). Calculate the highest common divisor of y and 6.
3
Let i be (-2 + 13/(-2))*(-19 - -1). Let h be 17/(-2)*(-2 - 0). Calculate the greatest common divisor of i and h.
17
Let m = 2 - -29. What is the highest common divisor of m and 217?
31
Suppose 0 = 3*a + x - 8 - 59, -2*a + 3*x = -63. Let o = 102 - 30. Calculate the greatest common factor of a and o.
24
Let q = 122 - 91. Let p(l) = l**3 - l**2 + l + 31. Let b be p(0). What is the greatest common factor of b and q?
31
Let r = -81 + 121. Suppose 0*w = w. Suppose w = -4*o + r - 0. What is the highest common divisor of 30 and o?
10
Let d(h) = h**3 + h**2 + 3*h**2 - 7 + 9 + 0*h**2. Let b be d(-4). Calculate the highest common factor of 4 and b.
2
Let p = -50 - -104. Suppose 3*r - 128 = 196. Suppose z = -2*z + r. Calculate the greatest common divisor of z and p.
18
Let d = 186 + 78. Calculate the greatest common divisor of 24 and d.
24
Let g = 338 + -217. Calculate the greatest common factor of 11 and g.
11
Suppose 5*u = -0*u + 20. Suppose u = g + g. What is the highest common divisor of g and 2?
2
Let b(s) = s**2 + 11*s + 13. Let d be b(-9). Let z(a) = -a**2 - 6*a + 2. Let n be z(d). What is the greatest common factor of 7 and n?
7
Suppose 0 = 3*b + 17*b - 360. Suppose 0 = -2*o + 3*o - 9. What is the greatest common factor of b and o?
9
Suppose 799 = 4*c - 225. What is the highest common divisor of 32 and c?
32
Let f be 10/4*36/45. Suppose -n + 22 = x + 4*n, 0 = 3*x + 5*n - 26. Suppose x*q = -4 + 6. What is the greatest common factor of q and f?
1
Let a(q) = 32*q - 3. Let v be a(-5). Let n be 70/8*440/11. Let x = n + v. What is the greatest common factor of 17 and x?
17
Let g(u) = 2*u - 7. Let j(y) = -10*y + 36. Let b(f) = 11*g(f) + 2*j(f). Let h be b(11). Calculate the greatest common divisor of 119 and h.
17
Let h be 3/9 + ((-164)/(-12) - 3). Let y be 197/2 + (-1)/(-2). Calculate the greatest common factor of h and y.
11
Suppose 2*i - 110 = -i - 5*r, -4*i = -r - 139. Let w be (-6 + -1)/(2/(-2))